{"id":1165,"date":"2019-06-04T20:20:45","date_gmt":"2019-06-04T18:20:45","guid":{"rendered":"http:\/\/www.pancorboana.es\/?page_id=1165"},"modified":"2020-07-12T13:54:17","modified_gmt":"2020-07-12T11:54:17","slug":"condiciones-generales","status":"publish","type":"page","link":"https:\/\/www.pancorboana.es\/index.php\/condiciones-generales\/","title":{"rendered":"Condiciones Generales"},"content":{"rendered":"<div id=\"cuerpo\">\n<div id=\"secCondiciones\">\n<div class=\"capaCuerpo\">\n<h4 class=\"txtRosa\">Condiciones Generales:<\/h4>\n<div class=\"separa-10\">&nbsp;<\/div>\n<p>La interpretaci\u00f3n y la ejecuci\u00f3n de las condiciones, as\u00ed como todos los actos que se sean consecuencia de ellas,&nbsp;<span class=\"semi\">quedar\u00e1n sometidos al derecho espa\u00f1ol, salvo que existan disposiciones de orden p\u00fablico contrarias a ello.<\/span><\/p>\n<div class=\"separa-30\">&nbsp;<\/div>\n<h4 class=\"txtRosa\">Aviso Legal<\/h4>\n<div class=\"separa-10\">&nbsp;<\/div>\n<p>El presente aviso legal (en adelante el \u00abAviso Legal\u00bb) regula el uso del sito Web&nbsp;<span class=\"semi\">\u00abhttp:\/\/www.pancorboana.es\u00bb<\/span>, (en adelante el \u00abSitio Web\u00bb) a nombre de Ana Pancorbo Jim\u00e9nez.<\/p>\n<div class=\"separa-30\">&nbsp;<\/div>\n<h4 class=\"txtRosa\">Legislaci\u00f3n<\/h4>\n<div class=\"separa-10\">&nbsp;<\/div>\n<p>Con car\u00e1cter general las relaciones entre Ana Pancorbo Jim\u00e9nez con los usuarios de sus servicios telem\u00e1ticos, presentes en este sitio Web, se encuentran sometidas al a legislaci\u00f3n y jurisdicci\u00f3n espa\u00f1olas.<\/p>\n<div class=\"separa-30\">&nbsp;<\/div>\n<h4 class=\"txtRosa\">Uso y acceso de usuarios<\/h4>\n<div class=\"separa-10\">&nbsp;<\/div>\n<p>El usuario queda informado, y acepta, que el acceso a los contenidos de la presente Web no supone, en modo alguno, el inicio de una relaci\u00f3n comercial con&nbsp;Ana Pancorbo Jim\u00e9nez, y en ning\u00fan caso constituye asesoramiento legal o profesional.<\/p>\n<div class=\"separa-30\">&nbsp;<\/div>\n<h4 class=\"txtRosa\">Propiedad intelectual e industrial<\/h4>\n<div class=\"separa-10\">&nbsp;<\/div>\n<p>Los derechos de propiedad intelectual del contenido de las p\u00e1ginas Web, su dise\u00f1o gr\u00e1fico y c\u00f3digos son titularidad de Ana Pancorbo Jim\u00e9nez&nbsp;y, por tanto, queda prohibida su reproducci\u00f3n, distribuci\u00f3n, comunicaci\u00f3n p\u00fablica, transformaci\u00f3n o cualquier otra actividad que se pueda realizar con los contenidos de sus p\u00e1ginas Web ni a\u00fan citando las fuentes, salvo consentimiento por escrito de Ana Pancorbo Jim\u00e9nez.<\/p>\n<div class=\"separa-30\">&nbsp;<\/div>\n<h4 class=\"txtRosa\">Contenido de la web y enlaces \u00abLink\u00bb<\/h4>\n<div class=\"separa-10\">&nbsp;<\/div>\n<p>Ana Pancorbo Jim\u00e9nez se reserva el derecho a actualizar, modificar o eliminar la informaci\u00f3n contenida en sus p\u00e1ginas Web pudiendo incluso limitar o no permitir el acceso a dicha informaci\u00f3n a ciertos usuarios.<\/p>\n<p>Ana Pancorbo Jim\u00e9nez no asume responsabilidad alguna por la informaci\u00f3n contenida en p\u00e1ginas Web de terceros a las que se pueda acceder por&nbsp;<span class=\"semi\">\u00ablinks\u00bb<\/span>&nbsp;o enlaces desde cualquier p\u00e1gina Web propiedad de Ana Pancorbo Jim\u00e9nez. La presencia de&nbsp;<span class=\"semi\">\u00ablinks\u00bb<\/span>&nbsp;o enlaces en las p\u00e1ginas Web&nbsp;<span class=\"semi\">\u00abhttp:\/\/www.pancorboana.es\u00bb<\/span>, tiene una finalidad meramente informativa y en ning\u00fan caso supone sugerencia, invitaci\u00f3n o recomendaci\u00f3n sobre los mismos.<\/p>\n<div class=\"separa-30\">&nbsp;<\/div>\n<h4 class=\"txtRosa\">Pol\u00edtica de Privacidad<\/h4>\n<div class=\"separa-10\">&nbsp;<\/div>\n<p>&#8211; Denominaci\u00f3n Social: Ana Pancorbo Jim\u00e9nez<\/p>\n<p>&nbsp;<\/p>\n<p>&#8211; C.I.F.: 77350075V<\/p>\n<p>&#8211; Email:&nbsp;info@pancorboana.es<\/p>\n<p>&#8211; Nombre de dominio: http:\/\/www.pancorboana.es<\/p>\n<div class=\"separa-30\">&nbsp;<\/div>\n<h4 class=\"txtRosa\">Autorizaci\u00f3n administrativa:<\/h4>\n<div class=\"separa-10\">&nbsp;<\/div>\n<p>De conformidad con lo dispuesto en la Ley Org\u00e1nica 15\/1999, de Protecci\u00f3n de Datos de Car\u00e1cter Personal (LOPD) y su normativa de desarrollo, el responsable del sitio web, en cumplimiento de lo dispuesto en el art. 5 y 6 de la LOPD, informa a todos los usuarios del sitio web que faciliten o vayan a facilitar sus datos personales, que estos ser\u00e1n incorporados en un fichero automatizado que se encuentra debidamente inscrito en la Agencia Espa\u00f1ola de Protecci\u00f3n de Datos.<\/p>\n<p>A partir de mayo de 2018, nos regiremos por la normativa que entrar\u00e1 en vigor, siendo el Reglamento General sobre Protecci\u00f3n de Datos (RGPD) de la Uni\u00f3n Europea.<\/p>\n<p>Los usuarios, mediante la marcaci\u00f3n de la casilla, aceptan expresamente y de forma libre e inequ\u00edvoca que sus datos personales sean tratados por parte del prestador para realizar las siguientes finalidades:<\/p>\n<ul class=\"lista-topos\">\n<li style=\"list-style-type: none;\">\n<ul class=\"lista-topos\">\n<li>Remisi\u00f3n de comunicaciones comerciales publicitarias por e-mail, fax, SMS, MMS, comunidades sociales o cualquier otro medio electr\u00f3nico o f\u00edsico, presente o futuro, que posibilite realizar comunicaciones comerciales. Dichas comunicaciones comerciales ser\u00e1n relacionadas sobre productos o servicios ofrecidos por el prestador, as\u00ed como por parte de los colaboradores o parthners con los que \u00e9ste hubiera alcanzado alg\u00fan acuerdo de promoci\u00f3n comercial entre sus clientes. En este caso, los terceros nunca tendr\u00e1n acceso a los datos personales. En todo caso las comunicaciones comerciales ser\u00e1n realizadas por parte del prestador y ser\u00e1n de productos y servicios relacionados con el sector del prestador.<\/li>\n<\/ul>\n<\/li>\n<\/ul>\n<div class=\"separa-10\">&nbsp;<\/div>\n<ul class=\"lista-topos\">\n<li style=\"list-style-type: none;\">\n<ul class=\"lista-topos\">\n<li>Realizar estudios estad\u00edsticos.<\/li>\n<\/ul>\n<\/li>\n<\/ul>\n<div class=\"separa-10\">&nbsp;<\/div>\n<ul class=\"lista-topos\">\n<li style=\"list-style-type: none;\">\n<ul class=\"lista-topos\">\n<li>Tramitar encargos, solicitudes o cualquier tipo de petici\u00f3n que sea realizada por el usuario a trav\u00e9s de cualquiera de las formas de contacto que se ponen a disposici\u00f3n del usuario en el sitio web de la compa\u00f1\u00eda.<\/li>\n<\/ul>\n<\/li>\n<\/ul>\n<div class=\"separa-10\">&nbsp;<\/div>\n<ul class=\"lista-topos\">\n<li>Remitir el bolet\u00edn de noticias de la p\u00e1gina web.<\/li>\n<\/ul>\n<div class=\"separa-30\">&nbsp;<\/div>\n<p>El prestador informa y garantiza expresamente a los usuarios que sus datos personales no ser\u00e1n cedidos en ning\u00fan caso a terceras compa\u00f1\u00edas, y que siempre que fuera a realizarse alg\u00fan tipo de cesi\u00f3n de datos personales, de forma previa, se solicitar\u00eda el consentimiento expreso, informado, e inequ\u00edvoco por parte de los titulares.<\/p>\n<p>Todos los datos solicitados a trav\u00e9s del sitio web son obligatorios, ya que son necesarios para la prestaci\u00f3n de un servicio \u00f3ptimo al usuario. En caso de que no sean facilitados todos los datos, el prestador no garantiza que la informaci\u00f3n y servicios facilitados sean completamente ajustados a sus necesidades.<\/p>\n<p>El prestador garantiza en todo caso al usuario el ejercicio de los derechos de acceso, rectificaci\u00f3n, cancelaci\u00f3n, informaci\u00f3n y oposici\u00f3n, en los t\u00e9rminos dispuestos en la legislaci\u00f3n vigente. Por ello, de conformidad con lo dispuesto en la Ley Org\u00e1nica 15\/1999, de Protecci\u00f3n de Datos de Car\u00e1cter Personal (LOPD) podr\u00e1 ejercer sus derechos remitiendo una solicitud expresa, junto a una copia de su DNI, a trav\u00e9s de los siguientes medios:<\/p>\n<ul class=\"lista-topos\">\n<li style=\"list-style-type: none;\">\n<ul class=\"lista-topos\">\n<li><span class=\"semi\">P\u00e1gina Web:<\/span>&nbsp;Rellenando el formulario de contacto de la secci\u00f3n \u00abContacto\u00bb<\/li>\n<\/ul>\n<\/li>\n<\/ul>\n<div class=\"separa-10\">&nbsp;<\/div>\n<ul class=\"lista-topos\">\n<li style=\"list-style-type: none;\">\n<ul class=\"lista-topos\">\n<li><span class=\"semi\">Email:<\/span>&nbsp;info@pancorboana.es<\/li>\n<\/ul>\n<\/li>\n<\/ul>\n<div class=\"separa-10\">&nbsp;&nbsp;<\/div>\n<p>Del mismo modo, el usuario podr\u00e1 darse de baja de cualquiera de los servicios de suscripci\u00f3n facilitados haciendo clic en el apartado darse de baja de todos los correos electr\u00f3nicos remitidos por parte del prestador.<\/p>\n<p>El prestador ha adoptado todas las medidas t\u00e9cnicas y de organizaci\u00f3n necesarias para garantizar la seguridad e integridad de los datos de car\u00e1cter personal que trate, as\u00ed como para evitar su p\u00e9rdida, alteraci\u00f3n y\/o acceso por parte de terceros no autorizados.<\/p>\n<div class=\"separa-40\">&nbsp;<\/div>\n<\/div>\n<\/div>\n<\/div>\n<p>&nbsp;<\/p>\n<footer id=\"pie\">\n<div class=\"separRosa\">&nbsp;<\/div>\n<div class=\"fondoPie\">&nbsp;<\/div>\n<\/footer>\n","protected":false},"excerpt":{"rendered":"<p>Condiciones Generales: &nbsp; La interpretaci\u00f3n y la ejecuci\u00f3n de las condiciones, as\u00ed como todos los actos que se sean consecuencia de ellas,&nbsp;quedar\u00e1n sometidos al derecho espa\u00f1ol, salvo que existan disposiciones de orden p\u00fablico contrarias a ello. &nbsp; Aviso Legal &nbsp; El presente aviso legal (en adelante el \u00abAviso Legal\u00bb) regula el uso del sito Web&nbsp;\u00abhttp:\/\/www.pancorboana.es\u00bb, [&hellip;]<\/p>\n","protected":false},"author":1,"featured_media":0,"parent":0,"menu_order":0,"comment_status":"closed","ping_status":"closed","template":"","meta":{"ocean_post_layout":"","ocean_both_sidebars_style":"","ocean_both_sidebars_content_width":0,"ocean_both_sidebars_sidebars_width":0,"ocean_sidebar":"0","ocean_second_sidebar":"0","ocean_disable_margins":"enable","ocean_add_body_class":"","ocean_shortcode_before_top_bar":"","ocean_shortcode_after_top_bar":"","ocean_shortcode_before_header":"","ocean_shortcode_after_header":"","ocean_has_shortcode":"","ocean_shortcode_after_title":"","ocean_shortcode_before_footer_widgets":"","ocean_shortcode_after_footer_widgets":"","ocean_shortcode_before_footer_bottom":"","ocean_shortcode_after_footer_bottom":"","ocean_display_top_bar":"default","ocean_display_header":"default","ocean_header_style":"","ocean_center_header_left_menu":"0","ocean_custom_header_template":"0","ocean_custom_logo":0,"ocean_custom_retina_logo":0,"ocean_custom_logo_max_width":0,"ocean_custom_logo_tablet_max_width":0,"ocean_custom_logo_mobile_max_width":0,"ocean_custom_logo_max_height":0,"ocean_custom_logo_tablet_max_height":0,"ocean_custom_logo_mobile_max_height":0,"ocean_header_custom_menu":"0","ocean_menu_typo_font_family":"0","ocean_menu_typo_font_subset":"","ocean_menu_typo_font_size":0,"ocean_menu_typo_font_size_tablet":0,"ocean_menu_typo_font_size_mobile":0,"ocean_menu_typo_font_size_unit":"px","ocean_menu_typo_font_weight":"","ocean_menu_typo_font_weight_tablet":"","ocean_menu_typo_font_weight_mobile":"","ocean_menu_typo_transform":"","ocean_menu_typo_transform_tablet":"","ocean_menu_typo_transform_mobile":"","ocean_menu_typo_line_height":0,"ocean_menu_typo_line_height_tablet":0,"ocean_menu_typo_line_height_mobile":0,"ocean_menu_typo_line_height_unit":"","ocean_menu_typo_spacing":0,"ocean_menu_typo_spacing_tablet":0,"ocean_menu_typo_spacing_mobile":0,"ocean_menu_typo_spacing_unit":"","ocean_menu_link_color":"","ocean_menu_link_color_hover":"","ocean_menu_link_color_active":"","ocean_menu_link_background":"","ocean_menu_link_hover_background":"","ocean_menu_link_active_background":"","ocean_menu_social_links_bg":"","ocean_menu_social_hover_links_bg":"","ocean_menu_social_links_color":"","ocean_menu_social_hover_links_color":"","ocean_disable_title":"default","ocean_disable_heading":"default","ocean_post_title":"","ocean_post_subheading":"","ocean_post_title_style":"","ocean_post_title_background_color":"","ocean_post_title_background":0,"ocean_post_title_bg_image_position":"","ocean_post_title_bg_image_attachment":"","ocean_post_title_bg_image_repeat":"","ocean_post_title_bg_image_size":"","ocean_post_title_height":0,"ocean_post_title_bg_overlay":0.5,"ocean_post_title_bg_overlay_color":"","ocean_disable_breadcrumbs":"default","ocean_breadcrumbs_color":"","ocean_breadcrumbs_separator_color":"","ocean_breadcrumbs_links_color":"","ocean_breadcrumbs_links_hover_color":"","ocean_display_footer_widgets":"default","ocean_display_footer_bottom":"default","ocean_custom_footer_template":"0","footnotes":""},"class_list":["post-1165","page","type-page","status-publish","hentry","entry"],"yoast_head":"<!-- This site is optimized with the Yoast SEO plugin v26.7 - https:\/\/yoast.com\/wordpress\/plugins\/seo\/ -->\n<title>Condiciones Generales - Ana Pancorbo. marketing digital, comunicaci\u00f3n y divulgaci\u00f3n<\/title>\n<meta name=\"robots\" content=\"index, follow, max-snippet:-1, max-image-preview:large, max-video-preview:-1\" \/>\n<link rel=\"canonical\" href=\"https:\/\/www.pancorboana.es\/index.php\/condiciones-generales\/\" \/>\n<meta property=\"og:locale\" content=\"es_ES\" \/>\n<meta property=\"og:type\" content=\"article\" \/>\n<meta property=\"og:title\" content=\"Condiciones Generales - Ana Pancorbo. marketing digital, comunicaci\u00f3n y divulgaci\u00f3n\" \/>\n<meta property=\"og:description\" content=\"Condiciones Generales: &nbsp; La interpretaci\u00f3n y la ejecuci\u00f3n de las condiciones, as\u00ed como todos los actos que se sean consecuencia de ellas,&nbsp;quedar\u00e1n sometidos al derecho espa\u00f1ol, salvo que existan disposiciones de orden p\u00fablico contrarias a ello. &nbsp; Aviso Legal &nbsp; El presente aviso legal (en adelante el \u00abAviso Legal\u00bb) regula el uso del sito Web&nbsp;\u00abhttp:\/\/www.pancorboana.es\u00bb, [&hellip;]\" \/>\n<meta property=\"og:url\" content=\"https:\/\/www.pancorboana.es\/index.php\/condiciones-generales\/\" \/>\n<meta property=\"og:site_name\" content=\"Ana Pancorbo. marketing digital, comunicaci\u00f3n y divulgaci\u00f3n\" \/>\n<meta property=\"article:publisher\" content=\"https:\/\/www.facebook.com\/ana.pancorbo.jimenez\" \/>\n<meta property=\"article:modified_time\" content=\"2020-07-12T11:54:17+00:00\" \/>\n<meta name=\"twitter:card\" content=\"summary_large_image\" \/>\n<meta name=\"twitter:site\" content=\"@anapanc\" \/>\n<meta name=\"twitter:label1\" content=\"Tiempo de lectura\" \/>\n\t<meta name=\"twitter:data1\" content=\"5 minutos\" \/>\n<script type=\"application\/ld+json\" class=\"yoast-schema-graph\">{\"@context\":\"https:\/\/schema.org\",\"@graph\":[{\"@type\":\"WebPage\",\"@id\":\"https:\/\/www.pancorboana.es\/index.php\/condiciones-generales\/\",\"url\":\"https:\/\/www.pancorboana.es\/index.php\/condiciones-generales\/\",\"name\":\"Condiciones Generales - Ana Pancorbo. marketing digital, comunicaci\u00f3n y divulgaci\u00f3n\",\"isPartOf\":{\"@id\":\"https:\/\/www.pancorboana.es\/#website\"},\"datePublished\":\"2019-06-04T18:20:45+00:00\",\"dateModified\":\"2020-07-12T11:54:17+00:00\",\"breadcrumb\":{\"@id\":\"https:\/\/www.pancorboana.es\/index.php\/condiciones-generales\/#breadcrumb\"},\"inLanguage\":\"es\",\"potentialAction\":[{\"@type\":\"ReadAction\",\"target\":[\"https:\/\/www.pancorboana.es\/index.php\/condiciones-generales\/\"]}]},{\"@type\":\"BreadcrumbList\",\"@id\":\"https:\/\/www.pancorboana.es\/index.php\/condiciones-generales\/#breadcrumb\",\"itemListElement\":[{\"@type\":\"ListItem\",\"position\":1,\"name\":\"Portada\",\"item\":\"https:\/\/www.pancorboana.es\/\"},{\"@type\":\"ListItem\",\"position\":2,\"name\":\"Condiciones Generales\"}]},{\"@type\":\"WebSite\",\"@id\":\"https:\/\/www.pancorboana.es\/#website\",\"url\":\"https:\/\/www.pancorboana.es\/\",\"name\":\"Ana Pancorbo. marketing digital, comunicaci\u00f3n y divulgaci\u00f3n\",\"description\":\"\",\"potentialAction\":[{\"@type\":\"SearchAction\",\"target\":{\"@type\":\"EntryPoint\",\"urlTemplate\":\"https:\/\/www.pancorboana.es\/?s={search_term_string}\"},\"query-input\":{\"@type\":\"PropertyValueSpecification\",\"valueRequired\":true,\"valueName\":\"search_term_string\"}}],\"inLanguage\":\"es\"}]}<\/script>\n<!-- \/ Yoast SEO plugin. -->","yoast_head_json":{"title":"Condiciones Generales - Ana Pancorbo. marketing digital, comunicaci\u00f3n y divulgaci\u00f3n","robots":{"index":"index","follow":"follow","max-snippet":"max-snippet:-1","max-image-preview":"max-image-preview:large","max-video-preview":"max-video-preview:-1"},"canonical":"https:\/\/www.pancorboana.es\/index.php\/condiciones-generales\/","og_locale":"es_ES","og_type":"article","og_title":"Condiciones Generales - Ana Pancorbo. marketing digital, comunicaci\u00f3n y divulgaci\u00f3n","og_description":"Condiciones Generales: &nbsp; La interpretaci\u00f3n y la ejecuci\u00f3n de las condiciones, as\u00ed como todos los actos que se sean consecuencia de ellas,&nbsp;quedar\u00e1n sometidos al derecho espa\u00f1ol, salvo que existan disposiciones de orden p\u00fablico contrarias a ello. &nbsp; Aviso Legal &nbsp; El presente aviso legal (en adelante el \u00abAviso Legal\u00bb) regula el uso del sito Web&nbsp;\u00abhttp:\/\/www.pancorboana.es\u00bb, [&hellip;]","og_url":"https:\/\/www.pancorboana.es\/index.php\/condiciones-generales\/","og_site_name":"Ana Pancorbo. marketing digital, comunicaci\u00f3n y divulgaci\u00f3n","article_publisher":"https:\/\/www.facebook.com\/ana.pancorbo.jimenez","article_modified_time":"2020-07-12T11:54:17+00:00","twitter_card":"summary_large_image","twitter_site":"@anapanc","twitter_misc":{"Tiempo de lectura":"5 minutos"},"schema":{"@context":"https:\/\/schema.org","@graph":[{"@type":"WebPage","@id":"https:\/\/www.pancorboana.es\/index.php\/condiciones-generales\/","url":"https:\/\/www.pancorboana.es\/index.php\/condiciones-generales\/","name":"Condiciones Generales - Ana Pancorbo. marketing digital, comunicaci\u00f3n y divulgaci\u00f3n","isPartOf":{"@id":"https:\/\/www.pancorboana.es\/#website"},"datePublished":"2019-06-04T18:20:45+00:00","dateModified":"2020-07-12T11:54:17+00:00","breadcrumb":{"@id":"https:\/\/www.pancorboana.es\/index.php\/condiciones-generales\/#breadcrumb"},"inLanguage":"es","potentialAction":[{"@type":"ReadAction","target":["https:\/\/www.pancorboana.es\/index.php\/condiciones-generales\/"]}]},{"@type":"BreadcrumbList","@id":"https:\/\/www.pancorboana.es\/index.php\/condiciones-generales\/#breadcrumb","itemListElement":[{"@type":"ListItem","position":1,"name":"Portada","item":"https:\/\/www.pancorboana.es\/"},{"@type":"ListItem","position":2,"name":"Condiciones Generales"}]},{"@type":"WebSite","@id":"https:\/\/www.pancorboana.es\/#website","url":"https:\/\/www.pancorboana.es\/","name":"Ana Pancorbo. marketing digital, comunicaci\u00f3n y divulgaci\u00f3n","description":"","potentialAction":[{"@type":"SearchAction","target":{"@type":"EntryPoint","urlTemplate":"https:\/\/www.pancorboana.es\/?s={search_term_string}"},"query-input":{"@type":"PropertyValueSpecification","valueRequired":true,"valueName":"search_term_string"}}],"inLanguage":"es"}]}},"_links":{"self":[{"href":"https:\/\/www.pancorboana.es\/index.php\/wp-json\/wp\/v2\/pages\/1165","targetHints":{"allow":["GET"]}}],"collection":[{"href":"https:\/\/www.pancorboana.es\/index.php\/wp-json\/wp\/v2\/pages"}],"about":[{"href":"https:\/\/www.pancorboana.es\/index.php\/wp-json\/wp\/v2\/types\/page"}],"author":[{"embeddable":true,"href":"https:\/\/www.pancorboana.es\/index.php\/wp-json\/wp\/v2\/users\/1"}],"replies":[{"embeddable":true,"href":"https:\/\/www.pancorboana.es\/index.php\/wp-json\/wp\/v2\/comments?post=1165"}],"version-history":[{"count":3,"href":"https:\/\/www.pancorboana.es\/index.php\/wp-json\/wp\/v2\/pages\/1165\/revisions"}],"predecessor-version":[{"id":2942,"href":"https:\/\/www.pancorboana.es\/index.php\/wp-json\/wp\/v2\/pages\/1165\/revisions\/2942"}],"wp:attachment":[{"href":"https:\/\/www.pancorboana.es\/index.php\/wp-json\/wp\/v2\/media?parent=1165"}],"curies":[{"name":"wp","href":"https:\/\/api.w.org\/{rel}","templated":true}]}}